82 (base 9) to base 5
2222431
813a (base 15) to base 8
65220
What is 1111001011111 (base 2) in base 5?
222100
Convert 6385 (base 9) to base 5.
122234
Convert 16136 (base 7) to base 10.
4535
What is 13031 (base 4) in base 15?
20b
What is 10100011011000 (base 2) in base 14?
3b4c
Convert 1001 (base 5) to base 11.
105
What is -80a (base 16) in base 2?
-100000001010
-5426 (base 14) to base 4
-3203022
What is -d573 (base 15) in base 5?
-2420413
What is 712 (base 16) in base 4?
130102
Convert 165 (base 14) to base 8.
435
What is -14745 (base 10) in base 16?
-3999
Convert 5073 (base 8) to base 15.
b99
-6423 (base 7) to base 16
-8df
What is 163a (base 14) in base 10?
3972
Convert 12460 (base 10) to base 15.
3a5a
Convert -14 (base 10) to base 16.
-e
6146 (base 10) to base 7
23630
6b95 (base 14) to base 4
10210333
Convert 1010010101011101 (base 2) to base 14.
115db
What is 477 (base 13) in base 9?
1050
What is 77 (base 16) in base 5?
434
5a12 (base 11) to base 8
17306
7b31 (base 16) to base 2
111101100110001
Convert 1102133 (base 4) to base 12.
307b
What is 1bc5 (base 13) in base 9?
5705
What is 1122122 (base 3) in base 9?
1578
Convert -4134 (base 5) to base 13.
-32b
Convert 6c37 (base 14) to base 9.
27781
-432 (base 5) to base 15
-7c
What is 100101210 (base 3) in base 9?
10353
-b60 (base 13) to base 11
-1501
What is 1256 (base 9) in base 16?
3ae
What is -18a (base 12) in base 10?
-250
Convert b5c6 (base 16) to base 11.
31a64
Convert 50aa (base 12) to base 13.
3cb8
Convert 2988 (base 16) to base 2.
10100110001000
4325 (base 7) to base 10
1538
What is 11463 (base 8) in base 3?
20202001
43111 (base 9) to base 6
340014
Convert -11255 (base 7) to base 10.
-2882
What is 10104 (base 5) in base 7?
1623
-1043 (base 12) to base 5
-24104
3204 (base 5) to base 3
120220
1502 (base 6) to base 5
3043
Convert -32231 (base 7) to base 9.
-11878
-404 (base 11) to base 2
-111101000
Convert -431 (base 15) to base 12.
-66a
What is -2220220212 (base 3) in base 6?
-1122205
3a18 (base 11) to base 7
21140
What is 33212 (base 7) in base 3?
102102212
-1417 (base 12) to base 15
-a4d
100101101 (base 2) to base 5
2201
Convert 3b7 (base 13) to base 14.
34d
What is 1044 (base 9) in base 10?
769
What is 211121021 (base 3) in base 11?
1141a
13d (base 15) to base 10
283
What is -2046 (base 7) in base 14?
-396
What is 42356 (base 7) in base 5?
313403
-2013 (base 5) to base 16
-102
-2203211 (base 4) to base 14
-3b5b
2142 (base 5) to base 13
19b
What is 11012213 (base 4) in base 7?
114641
Convert 20223111 (base 4) to base 10.
35541
Convert 3041 (base 10) to base 2.
101111100001
Convert -1001401 (base 5) to base 4.
-3313223
What is -11100000010110 (base 2) in base 14?
-5338
Convert 10540 (base 7) to base 16.
a72
-22 (base 7) to base 9
-17
15614 (base 8) to base 3
100200012
Convert -220100100 (base 3) to base 15.
-53d3
-105 (base 12) to base 14
-a9
Convert -524 (base 14) to base 11.
-840
-22350 (base 9) to base 12
-8730
What is 270 (base 10) in base 14?
154
25103 (base 6) to base 15
1176
What is -330 (base 4) in base 7?
-114
What is 112211 (base 3) in base 13?
24a
a2a (base 16) to base 7
10405
Convert 11200011 (base 3) to base 13.
1720
Convert 30522 (base 7) to base 3.
101020110
Convert -2502 (base 9) to base 12.
-10b5
What is 2ba (base 13) in base 5?
3431
What is -11903 (base 16) in base 12?
-3576b
Convert 1672 (base 16) to base 15.
1a81
What is -3534 (base 7) in base 9?
-1703
49b (base 13) to base 11
671
Convert 10100101011 (base 2) to base 6.
10043
-4a6b (base 12) to base 7
-33410
Convert -13304 (base 5) to base 4.
-100313
Convert 256341 (base 7) to base 12.
23839
What is -12502 (base 9) in base 2?
-10000011101010
Convert -144574 (base 8) to base 11.
-35831
Convert -43a (base 13) to base 2.
-1011010101
What is 3a26a (base 11) in base 6?
1122235
Convert 424 (base 10) to base 4.
12220
Convert 101130 (base 5) to base 2.
110011011010
-12145 (base 8) to base 9
-7141
Convert 16524 (base 13) to base 7.
235152
Convert -232145 (base 6) to base 12.
-b655
What is -1b9b (base 12) in base 6?
-23515
What is 5c11 (base 15) in base 14?
71d5
Convert 1244 (base 8) to base 3.
221001
-29a1 (base 12) to base 3
-20200111
What is -30331 (base 4) in base 3?
-1010201
Convert 100111022 (base 3) to base 2.
1101100001000
-4955 (base 11) to base 8
-14511
What is -32321 (base 4) in base 12?
-675
140305 (base 8) to base 12
24685
What is -794 (base 11) in base 15?
-435
Convert -bd6a (base 15) to base 13.
-15376
What is 7c (base 16) in base 2?
1111100
663 (base 10) to base 7
1635
Convert 1ecc (base 15) to base 10.
6717
-15223 (base 10) to base 14
-5795
What is 2030 (base 6) in base 11?
37a
What is -998 (base 11) in base 13?
-710
34b (base 12) to base 10
491
What is 1042b (base 14) in base 9?
58738
Convert -21c7 (base 15) to base 8.
-15772
What is -15427 (base 8) in base 7?
-26135
Convert -1c6 (base 16) to base 4.
-13012
Convert -110 (base 12) to base 7.
-312
What is 6522 (base 10) in base 9?
8846
105263 (base 7) to base 9
27538
7676 (base 11) to base 2
10011110001110
What is -15164 (base 8) in base 2?
-1101001110100
Convert -101 (base 8) to base 15.
-45
What is 920c (base 15) in base 4?
13201311
Convert -30203 (base 6) to base 3.
-12102210
What is -11651 (base 7) in base 5?
-44244
865 (base 9) to base 6
3135
What is -17652 (base 10) in base 5?
-1031102
Convert -85c (base 14) to base 15.
-750
Convert 2120 (base 9) to base 13.
92a
-13004 (base 6) to base 10
-1948
Convert -20111 (base 4) to base 15.
-258
8572 (base 10) to base 4
2011330
Convert -418 (base 15) to base 14.
-49d
-b02 (base 13) to base 12
-10b1
-12c6 (base 16) to base 11
-367a
What is 1214 (base 13) in base 12?
1588
What is -1160 (base 12) in base 15?
-899
-51315 (base 6) to base 2
-1101010011111
Convert 15353 (base 6) to base 9.
3406
Convert -1b6 (base 15) to base 14.
-204
Convert -48 (base 12) to base 11.
-51
-172a5 (base 13) to base 12
-21851
Convert -10214 (base 6) to base 13.
-820
Convert -232 (base 13) to base 4.
-11323
-121 (base 9) to base 3
-10201
10000111011000 (base 2) to base 15
2879
What is 2100112 (base 3) in base 5?
23330
What is 37d3 (base 15) in base 5?
340043
Convert -4253 (base 9) to base 11.
-2392
What is 443 (base 12) in base 7?
1554
-25434 (base 9) to base 13
-7a41
What is 5c (base 15) in base 12?
73
-5d3b (base 15) to base 9
-30212
-432303 (base 5) to base 6
-152023
Convert 135 (base 9) to base 5.
423
What is 430 (base 6) in base 15?
ac
What is -235 (base 12) in base 11?
-27a
What is -117050 (base 8) in base 14?
-10a80
db (base 15) to base 7
413
What is 10a0 (base 11) in base 9?
1871
1148 (base 10) to base 8
2174
-8558 (base 10) to base 15
-2808
What is -1ac9 (base 13) in base 9?
-5502
What is -1105 (base 9) in base 13?
-4a9
Convert 140241 (base 6) to base 14.
4a89
What is -77e8 (base 15) in base 12?
-12862
-6aa (base 12) to base 15
-464
What is -12403 (base 7) in base 6?
-23114
111111010100 (base 2) to base 8
7724
-220422 (base 5) to base 16
-1dbc
What is -11233 (base 4) in base 8?
-557
Convert -151255 (base 7) to base 15.
-8a2d
What is -17a0 (base 13) in base 4?
-312312
What is -115417 (base 8) in base 3?
-2000110012
Convert -10001110000 (base 2) to base 13.
-695
What is 62f (base 16) in base 11?
120a
What is -5264 (base 9) in base 16?
-f19
104244 (base 6) to base 14
3284
What is -52203 (base 8) in base 2?
-101010010000011
-112231 (base 4) to base 6
-10421
-155 (base 9) to base 12
-ab
Convert -10011011110100000 (base 2) to base 7.
-451404
-241323 (base 6) to base 8
-51123
470 (base 9) to base 15
1ac
Convert -45001 (base 6) to base 3.
-22121001
-91 (base 16) to base 12
-101
-14322 (base 5) to base 2
-10010111100
Convert -1222021 (base 3) to base 5.
-21223
What is 111 (base 6) in base 16?
2b
31225 (base 7) to base 10
7663
-2000200120 (base 3) to base 7
-224142
Convert -100100011010 (base 2) to base 9.
-3168
13220 (base 5) to base 12
744
-203113 (base 4) to base 3
-10002211
Convert -28c7c (base 13) to base 16.
-12c1d
What is 5ddd (base 14) in base 6?
204115
Convert 1100011010 (base 2) to base 14.
40a
What is cd0 (base 15) in base 6?
21223
What is -110001000000001 (base 2) in base 9?
-37366
Convert 17c6 (base 14) to base 4.
1003002
3541 (base 6) to base 14
44d
What is -115534 (base 6) in base 7?
-42121
227 (base 11) to base 12
1a7
821b (